divisor of 129748 and 275018?
398
Calculate the greatest common factor of 125347240 and 1610.
230
Calculate the highest common divisor of 10279336 and 232.
8
Calculate the highest common divisor of 55866699 and 1647.
27
What is the highest common factor of 1260 and 130020660?
1260
What is the highest common factor of 8693817 and 77?
11
What is the greatest common factor of 10980 and 2631520?
20
Calculate the highest common factor of 283346244 and 2952.
1476
Calculate the highest common divisor of 8615705 and 63.
7
Calculate the highest common divisor of 69921 and 7033230.
4113
What is the highest common divisor of 677552 and 23320?
424
Calculate the highest common divisor of 139447 and 400231.
1811
What is the highest common factor of 142193450 and 2450?
350
What is the greatest common factor of 8387945 and 95?
5
Calculate the highest common factor of 7738519 and 3434.
1717
Calculate the highest common factor of 10140 and 126930.
30
What is the highest common divisor of 25856 and 38881768?
808
What is the greatest common factor of 603638 and 8022?
14
What is the highest common divisor of 4916147 and 43?
43
Calculate the highest common factor of 25391640 and 42.
6
Calculate the greatest common factor of 1148 and 108900.
4
What is the highest common factor of 105 and 91829710?
35
Calculate the greatest common factor of 1049 and 16510211.
1049
What is the highest common factor of 1485425 and 320?
5
What is the highest common divisor of 713420 and 250?
10
Calculate the highest common factor of 165704 and 198791.
269
Calculate the greatest common factor of 27272 and 2914695.
3409
What is the highest common divisor of 1404 and 46948896?
108
What is the highest common factor of 1409236800 and 300?
300
Calculate the highest common factor of 48870 and 45670.
10
What is the highest common factor of 9129 and 1483194?
537
What is the greatest common factor of 2639360 and 10800?
80
What is the greatest common divisor of 93 and 22558173?
93
Calculate the highest common factor of 30350 and 1210.
10
Calculate the highest common factor of 9216 and 24363.
9
What is the highest common divisor of 646 and 3688966?
34
What is the highest common factor of 7883748 and 360?
36
What is the greatest common divisor of 226023620 and 3040?
380
What is the greatest common factor of 16992 and 1057248?
288
Calculate the greatest common factor of 114129817 and 277.
277
What is the greatest common factor of 5475 and 18885?
15
What is the highest common divisor of 193065340 and 10?
10
Calculate the highest common divisor of 11955695 and 215.
5
Calculate the greatest common factor of 4016592132 and 294.
294
What is the highest common divisor of 1300 and 39814450?
650
Calculate the highest common factor of 35 and 48465405.
5
What is the highest common factor of 56184169 and 37033?
1277
Calculate the greatest common factor of 133331927 and 193.
193
What is the highest common divisor of 521773 and 1082977?
917
Calculate the highest common factor of 14 and 380156266.
14
Calculate the greatest common divisor of 4716 and 1457916.
12
What is the highest common factor of 77053 and 12692489?
2657
What is the highest common factor of 236 and 547697?
59
What is the greatest common divisor of 181761 and 65661?
129
Calculate the greatest common divisor of 526791 and 27234.
267
What is the greatest common factor of 29860 and 658584695?
7465
What is the greatest common factor of 216 and 105053832?
72
Calculate the highest common divisor of 93483676 and 1716.
572
What is the greatest common factor of 656 and 125072468?
164
What is the greatest common divisor of 35325639 and 530469?
8991
Calculate the highest common divisor of 73074 and 123637362.
3846
What is the highest common divisor of 92510 and 265060?
290
Calculate the greatest common divisor of 613089 and 381267.
729
What is the greatest common factor of 1040 and 102390340?
260
Calculate the greatest common divisor of 39040647 and 3.
3
What is the greatest common factor of 480 and 1940880?
240
What is the highest common factor of 227297875 and 987?
329
Calculate the greatest common factor of 50987 and 106865.
67
What is the greatest common divisor of 186 and 439520883?
93
What is the highest common divisor of 126168 and 7714?
14
What is the highest common divisor of 150662146 and 194?
194
Calculate the highest common divisor of 16 and 707128.
8
Calculate the highest common factor of 429221366 and 28.
14
Calculate the highest common divisor of 132192 and 908496.
1296
Calculate the greatest common factor of 227404968 and 4984.
4984
Calculate the greatest common factor of 82734 and 3018.
6
Calculate the highest common divisor of 30088 and 7706289.
3761
What is the greatest common divisor of 2270400 and 336?
48
What is the highest common divisor of 276 and 11626684?
92
What is the greatest common divisor of 3249504 and 7560?
216
Calculate the greatest common divisor of 158 and 17507980.
158
Calculate the highest common divisor of 41215698 and 18.
18
Calculate the highest common factor of 456 and 37130066.
38
What is the greatest common factor of 1320 and 19272?
264
Calculate the greatest common factor of 76942 and 4368830.
1054
What is the highest common divisor of 642 and 38928954?
642
Calculate the highest common divisor of 48394 and 38.
2
Calculate the greatest common factor of 4354702 and 15458.
262
What is the greatest common factor of 333 and 52954215?
111
Calculate the highest common divisor of 30 and 276514545.
15
What is the highest common factor of 11158503 and 12371?
139
What is the greatest common divisor of 9134249 and 1?
1
Calculate the greatest common divisor of 6120837 and 16461.
531
Calculate the greatest common factor of 2725515 and 24705.
135
What is the highest common factor of 23551450 and 380?
190
Calculate the greatest common divisor of 51460 and 8359460.
620
What is the highest common factor of 2385 and 295157?
53
Calculate the greatest common factor of 109950 and 105.
15
What is the greatest common factor of 59472210 and 1050?
210
What is the highest common factor of 3436072 and 1336?
8
What is the highest common divisor of 21499511 and 2684?
671
Calculate the highest common divisor of 42 and 63777.
21
What is the greatest common factor of 8783 and 78?
1
What is the highest common divisor of 6747 and 14532843?
39
What is the greatest common divisor of 909 and 478437?
303
What is the highest common divisor of 4476419 and 304?
19
What is the greatest common divisor of 248307 and 31191?
111
What is the greatest common factor of 261625 and 7260617?
2093
Calculate the greatest common divisor of 64432788 and 7140.
1428
Calculate the highest common divisor of 10283 and 11190270.
91
What is the greatest common divisor of 37466 and 9262?
22
What is the greatest common divisor of 681327 and 7002?
9
What is the greatest common factor of 39444 and 2224434?
1038
Calculate the highest common factor of 57 and 20843931.
57
Calculate the highest common divisor of 8578287 and 2484.
207
Calculate the highest common divisor of 5 and 2534806765.
5
What is the highest common divisor of 36188094 and 834?
834
Calculate the highest common factor of 357680 and 9994.
526
Calculate the highest common factor of 17 and 45758050.
17
Calculate the highest common divisor of 288 and 56176128.
288
Calculate the greatest common factor of 8871380 and 532.
28
Calculate the greatest common factor of 16510 and 20056348.
3302
What is the highest common divisor of 344 and 26065525?
43
What is the highest common factor of 240282 and 4046?
14
Calculate the greatest common divisor of 399 and 5746335.
21
Calculate the greatest common factor of 172 and 34047701.
43
Calculate the greatest common factor of 1263972438 and 27.
27
What is the greatest common divisor of 10560 and 34160445?
165
What is the greatest common divisor of 3779091178 and 1354?
1354
What is the highest common factor of 46377 and 972?
9
What is the highest common divisor of 23417397 and 9544?
1193
Calculate the highest common factor of 347884 and 10556.
116
Calculate the greatest common factor of 518503 and 41728.
163
Calculate the highest common factor of 151228 and 387772.
308
What is the greatest common divisor of 56 and 5455940?
28
Calculate the greatest common factor of 16569 and 3080808